by 556.
116
What is the remainder when 34483320 is divided by 17407?
53
Calculate the remainder when 1144286 is divided by 572050.
186
Calculate the remainder when 345752 is divided by 1172.
12
Calculate the remainder when 742928 is divided by 447.
14
Calculate the remainder when 553692 is divided by 138417.
24
Calculate the remainder when 10136426 is divided by 2711.
2708
What is the remainder when 121531977 is divided by 13?
8
What is the remainder when 106828812 is divided by 26707198?
20
What is the remainder when 4720066 is divided by 605?
461
What is the remainder when 1296291 is divided by 162012?
195
What is the remainder when 106158 is divided by 7581?
24
What is the remainder when 265934137 is divided by 23?
18
What is the remainder when 343550 is divided by 10942?
4348
Calculate the remainder when 719788 is divided by 621.
49
What is the remainder when 44374922 is divided by 14791609?
95
Calculate the remainder when 303816 is divided by 4602.
84
Calculate the remainder when 6013238 is divided by 679.
14
Calculate the remainder when 241368 is divided by 48223.
253
Calculate the remainder when 2199973 is divided by 733238.
259
What is the remainder when 61457986 is divided by 226?
224
What is the remainder when 604011 is divided by 2496?
2475
Calculate the remainder when 52849 is divided by 17573.
130
Calculate the remainder when 146335 is divided by 91.
7
What is the remainder when 36164324 is divided by 1102?
1092
Calculate the remainder when 26647141 is divided by 3155.
11
What is the remainder when 1011751 is divided by 9225?
6226
What is the remainder when 4640598 is divided by 40?
38
Calculate the remainder when 1030136 is divided by 732.
212
Calculate the remainder when 10683399 is divided by 1149.
1146
What is the remainder when 1580526 is divided by 1359?
9
What is the remainder when 46436091 is divided by 30?
21
What is the remainder when 344394 is divided by 16?
10
Calculate the remainder when 31999 is divided by 5167.
997
Calculate the remainder when 31928397 is divided by 400.
397
What is the remainder when 993424 is divided by 7?
5
Calculate the remainder when 6763079 is divided by 1352615.
4
Calculate the remainder when 1304322 is divided by 125.
72
Calculate the remainder when 53457 is divided by 23236.
6985
Calculate the remainder when 5929831 is divided by 1108.
923
What is the remainder when 102315159 is divided by 938?
933
What is the remainder when 66337311 is divided by 773?
770
Calculate the remainder when 866928 is divided by 17687.
265
Calculate the remainder when 8621163 is divided by 786.
315
What is the remainder when 54975476 is divided by 54975467?
9
Calculate the remainder when 312668 is divided by 12823.
4916
What is the remainder when 975983 is divided by 195152?
223
Calculate the remainder when 40135364 is divided by 3196.
3192
Calculate the remainder when 44315 is divided by 4164.
2675
What is the remainder when 325747 is divided by 2851?
733
What is the remainder when 12800239 is divided by 31?
29
What is the remainder when 478714 is divided by 31914?
4
What is the remainder when 305453 is divided by 76311?
209
Calculate the remainder when 1266048 is divided by 243.
18
Calculate the remainder when 28619098 is divided by 75.
73
Calculate the remainder when 752880 is divided by 2042.
1424
Calculate the remainder when 808477 is divided by 101012.
381
What is the remainder when 12471078 is divided by 17?
14
What is the remainder when 6798706 is divided by 120?
106
Calculate the remainder when 191302 is divided by 190987.
315
What is the remainder when 4606543 is divided by 1535501?
40
What is the remainder when 261612 is divided by 37372?
8
What is the remainder when 1856223 is divided by 98?
5
What is the remainder when 4196099 is divided by 173?
157
What is the remainder when 159999843 is divided by 55440?
3
What is the remainder when 44910 is divided by 401?
399
Calculate the remainder when 10031 is divided by 9971.
60
Calculate the remainder when 11147967 is divided by 1364.
1359
What is the remainder when 61382 is divided by 505?
277
What is the remainder when 16195175 is divided by 172?
171
What is the remainder when 4028114 is divided by 1684?
1670
Calculate the remainder when 1457198 is divided by 1873.
4
What is the remainder when 3216 is divided by 1598?
20
Calculate the remainder when 33570 is divided by 1732.
662
What is the remainder when 9872 is divided by 3083?
623
What is the remainder when 358925 is divided by 11578?
7
Calculate the remainder when 9732033 is divided by 2433005.
13
Calculate the remainder when 397560554 is divided by 698.
694
Calculate the remainder when 359701 is divided by 23980.
1
Calculate the remainder when 8137045 is divided by 1275.
1270
What is the remainder when 542161 is divided by 33885?
1
Calculate the remainder when 566423 is divided by 56.
39
Calculate the remainder when 3292701 is divided by 599.
597
What is the remainder when 40085399 is divided by 106?
15
Calculate the remainder when 60635 is divided by 1188.
47
What is the remainder when 1292277 is divided by 77?
63
Calculate the remainder when 352242 is divided by 29295.
702
What is the remainder when 142788167 is divided by 306?
305
Calculate the remainder when 26938942 is divided by 23693.
1
Calculate the remainder when 10625678 is divided by 2154.
2150
Calculate the remainder when 611267 is divided by 114.
113
Calculate the remainder when 42624 is divided by 1319.
416
Calculate the remainder when 121559351 is divided by 74.
69
Calculate the remainder when 133206176 is divided by 20.
16
Calculate the remainder when 10489977 is divided by 43.
41
Calculate the remainder when 180151 is divided by 518.
405
What is the remainder when 56578882 is divided by 114?
112
What is the remainder when 20589 is divided by 9228?
2133
Calculate the remainder when 159214980 is divided by 673.
5
What is the remainder when 114994368 is divided by 137?
130
What is the remainder when 9383126 is divided by 292?
290
What is the remainder when 11017082 is divided by 134353?
136
What is the remainder when 55637 is divided by 55475?
162
Calculate the remainder when 533736046 is divided by 5305.
5301
Calculate the remainder when 2861203 is divided by 55.
48
What is the remainder when 138398921 is divided by 682?
661
Calculate the remainder when 5105371 is divided by 517.
513
What is the remainder when 907854 is divided by 181531?
199
What is the remainder when 56730725 is divided by 249915?
20
What is the remainder when 20370 is divided by 8939?
2492
Calculate the remainder when 118918589 is divided by 2493.
2489
What is the remainder when 312074626 is divided by 4801148?
6
What is the remainder when 966626 is divided by 7?
3
What is the remainder when 5837 is divided by 1185?
1097
What is the remainder when 1368896 is divided by 163?
22
Calculate the remainder when 80622437 is divided by 4489.
4486
Calculate the remainder when 149216 is divided by 12431.
44
What is the remainder when 38135 is divided by 184?
47
What is the remainder when 601707 is divided by 137?
3
Calculate the remainder when 52869420 is divided by 1523.
1521
What is the remainder when 287921243 is divided by 19?
12
Calculate the remainder when 6886734 is divided by 125.
109
Calculate the remainder when 42649 is divided by 197.
97
Calculate the remainder when 920349 is divided by 32.
29
Calculate the remainder when 56587788 is divided by 975651.
30
What is the remainder when 134787 is divided by 133954?
833
Calculate the remainder when 33281 is divided by 11057.
110
Calculate the remainder when 426096 is divided by 2595.
516
Calculate the remainder when 2575620 is divided by 886.
18
What is the remainder when 310908 is divided by 617?
557
Calculate the remainder when 10379328 is divided by 691953.
33
Calculate the remainder when 1244064 is divided by 621988.
88
Calculate the remainder when 182748359 is divided by 3357.
3350
What is the remainder when 125585 is divided by 78?
5
Calculate the remainder when 277361626 is divided by 238.
234
What is the remainder when 119577670 is divided by 5019?
5014
Calculate the remainder when 835554 is divided by 220.
214
What is the remainder when 17792 is divided by 1376?
1280
Calculate the remainder when 3579509 is di